{"id":17,"date":"2024-01-25T20:29:35","date_gmt":"2024-01-25T19:29:35","guid":{"rendered":"https:\/\/familiasanchezmoro.com\/?page_id=17"},"modified":"2024-02-02T14:36:21","modified_gmt":"2024-02-02T13:36:21","slug":"sobre-nosotros","status":"publish","type":"page","link":"https:\/\/familiasanchezmoro.com\/index.php\/sobre-nosotros\/","title":{"rendered":"Sobre Nosotros"},"content":{"rendered":"\n<div class=\"wp-block-group alignfull has-accent-2-background-color has-background has-global-padding is-layout-constrained wp-container-core-group-is-layout-669513ed wp-block-group-is-layout-constrained\" style=\"margin-top:0;margin-bottom:0;padding-top:var(--wp--preset--spacing--50);padding-right:var(--wp--preset--spacing--50);padding-bottom:var(--wp--preset--spacing--50);padding-left:var(--wp--preset--spacing--50)\">\n<div class=\"wp-block-columns alignwide is-layout-flex wp-container-core-columns-is-layout-28f84493 wp-block-columns-is-layout-flex\">\n<div class=\"wp-block-column is-layout-flow wp-block-column-is-layout-flow\" style=\"flex-basis:40%\">\n<p class=\"wp-container-content-0733e5d0\"><strong><em>Nuestra Identidad Familiar<\/em><\/strong><\/p>\n<\/div>\n\n\n\n<div class=\"wp-block-column is-layout-flow wp-block-column-is-layout-flow\" style=\"flex-basis:60%\">\n<p class=\"has-contrast-color has-text-color has-link-color has-heading-font-family has-x-large-font-size wp-elements-30f50ef51857feddb6ad65442a13094c\" style=\"line-height:1.2\">Nos constituimos, p\u00fablicamente, en 2015, como Asociaci\u00f3n sin \u00e1nimo de lucro. Recoge y preserva el legado material e inmaterial del matrimonio formado por Don Gonzalo S\u00e1nchez Santiago (1921-2003) y Do\u00f1a Lidia Moro D\u00edaz (1924-2007).<\/p>\n<\/div>\n<\/div>\n\n\n\n<div style=\"height:var(--wp--preset--spacing--40)\" aria-hidden=\"true\" class=\"wp-block-spacer\"><\/div>\n\n\n\n<figure class=\"wp-block-image alignwide size-full is-style-rounded is-style-rounded--1\"><img loading=\"lazy\" decoding=\"async\" width=\"500\" height=\"260\" src=\"https:\/\/familiasanchezmoro.com\/wp-content\/uploads\/2024\/01\/logotipo-familia-sm-1.jpg\" alt=\"Emblema Asociaci\u00f3n Familia S\u00e1nchez-Moro\" class=\"wp-image-18\" srcset=\"https:\/\/familiasanchezmoro.com\/wp-content\/uploads\/2024\/01\/logotipo-familia-sm-1.jpg 500w, https:\/\/familiasanchezmoro.com\/wp-content\/uploads\/2024\/01\/logotipo-familia-sm-1-300x156.jpg 300w\" sizes=\"auto, (max-width: 500px) 100vw, 500px\" \/><\/figure>\n<\/div>\n\n\n\n<div class=\"wp-block-group alignfull has-base-background-color has-background has-global-padding is-layout-constrained wp-container-core-group-is-layout-d89aad35 wp-block-group-is-layout-constrained\" style=\"margin-top:0;margin-bottom:0;padding-top:var(--wp--preset--spacing--50);padding-right:var(--wp--preset--spacing--50);padding-bottom:var(--wp--preset--spacing--50);padding-left:var(--wp--preset--spacing--50)\">\n<div class=\"wp-block-columns alignwide is-layout-flex wp-container-core-columns-is-layout-549b0c86 wp-block-columns-is-layout-flex\">\n<div class=\"wp-block-column has-global-padding is-content-justification-left is-layout-constrained wp-container-core-column-is-layout-4f15e8fe wp-block-column-is-layout-constrained\" style=\"flex-basis:40%\">\n<p><strong><em>Una vida de entrega y trabajo por los dem\u00e1s<\/em><\/strong><\/p>\n<\/div>\n\n\n\n<div class=\"wp-block-column is-layout-flow wp-container-core-column-is-layout-119bc444 wp-block-column-is-layout-flow\" style=\"flex-basis:60%\">\n<p class=\"has-contrast-color has-text-color has-link-color has-heading-font-family has-x-large-font-size wp-elements-2c685b70e361011ea3c35b9fff5952c0\" style=\"line-height:1.2\">A lo largo de sus dilatadas vidas fueron un ejemplo de entrega, esfuerzo y superaci\u00f3n, destacando su faceta altruista y de cooperaci\u00f3n social, tanto en Suram\u00e9rica como en Espa\u00f1a. <\/p>\n\n\n\n<div class=\"wp-block-columns is-layout-flex wp-container-core-columns-is-layout-87beb0d0 wp-block-columns-is-layout-flex\">\n<div class=\"wp-block-column is-layout-flow wp-block-column-is-layout-flow\">\n<p class=\"has-contrast-color has-text-color has-link-color wp-elements-94e578411cb18ade4b9ba2b9da331cc7 wp-container-content-9cfa9a5a\">La asociaci\u00f3n perpet\u00faa, por una lado, su Legado y Memoria y, por otro, contin\u00faa todas aquellas actividades que ellos desarrollaron en vida o aquellos otros proyectos que desearon realizar y no pudieron llevar a efecto.<\/p>\n\n\n\n<p class=\"has-contrast-color has-text-color has-link-color wp-elements-180aed48fc69e55eb895cdc7c9bb2822 wp-container-content-9cfa9a5a\">La Asociaci\u00f3n pretende lograr:<\/p>\n\n\n\n<p class=\"has-contrast-color has-text-color has-link-color wp-elements-fb0b9032c963b45c38ba8b171a31bf0c wp-container-content-9cfa9a5a\">  1\u00ba Fomentar y promover la Cultura, la Educaci\u00f3n, la Investigaci\u00f3n Hist\u00f3rica, la Ciencia y la Cooperaci\u00f3n Social para el Desarrollo.<\/p>\n<\/div>\n\n\n\n<div class=\"wp-block-column is-layout-flow wp-block-column-is-layout-flow\">\n<p class=\"has-contrast-color has-text-color has-link-color wp-elements-66bf3fc2faa321eea20eb7af409b87e1\">  2\u00ba Agrupar en asociaci\u00f3n a todos los descendientes y colaterales de los dos troncos que constituyen la Familia S\u00e1nchez-Moro, adem\u00e1s de todas aquellas personas que por afinidad con la familia o con los fines perseguidos por la asociaci\u00f3n deseen pertenecer.<\/p>\n\n\n\n<p class=\"has-contrast-color has-text-color has-link-color wp-elements-f6ce590f86ba6f56f519fc1ce5fa518c\">  3\u00ba Preservar y difundir la memoria y el legado vital inmaterial del matrimonio y de sus antepasados.<\/p>\n<\/div>\n<\/div>\n<\/div>\n<\/div>\n<\/div>\n\n\n\n<div class=\"wp-block-cover alignfull is-light has-parallax\" style=\"padding-top:var(--wp--preset--spacing--50);padding-right:var(--wp--preset--spacing--50);padding-bottom:var(--wp--preset--spacing--50);padding-left:var(--wp--preset--spacing--50);min-height:100vh;aspect-ratio:unset;\"><span aria-hidden=\"true\" class=\"wp-block-cover__background has-base-background-color has-background-dim-0 has-background-dim\"><\/span><div role=\"img\" class=\"wp-block-cover__image-background wp-image-30 has-parallax\" style=\"background-position:50% 50%;background-image:url(https:\/\/familiasanchezmoro.com\/wp-content\/uploads\/2024\/02\/bodeguita-cuba-50.jpg)\"><\/div><div class=\"wp-block-cover__inner-container has-global-padding is-layout-constrained wp-container-core-cover-is-layout-e4fd886c wp-block-cover-is-layout-constrained\">\n<div style=\"height:500px\" aria-hidden=\"true\" class=\"wp-block-spacer\"><\/div>\n<\/div><\/div>\n\n\n\n<div class=\"wp-block-group alignfull has-base-2-background-color has-background has-global-padding is-layout-constrained wp-container-core-group-is-layout-7cd14b77 wp-block-group-is-layout-constrained\" style=\"margin-top:0;margin-bottom:0;padding-top:var(--wp--preset--spacing--60);padding-right:var(--wp--preset--spacing--60);padding-bottom:var(--wp--preset--spacing--60);padding-left:var(--wp--preset--spacing--60)\">\n<div class=\"wp-block-group alignwide is-layout-flow wp-block-group-is-layout-flow\">\n<div style=\"height:var(--wp--preset--spacing--50)\" aria-hidden=\"true\" class=\"wp-block-spacer\"><\/div>\n\n\n\n<p class=\"has-text-align-center has-contrast-color has-text-color has-link-color has-heading-font-family has-x-large-font-size wp-elements-151e3036c09de57b5f8558bc5569664b\" style=\"font-style:normal;font-weight:400;line-height:1.2\">La Presidencia de la Asociaci\u00f3n la ostenta la Sra. Lidia Caridad S\u00e1nchez y Moro, Condesa de S\u00e1nchez-Moro, desde su fundaci\u00f3n y la Presidencia Honor\u00edfica recae en la Sra. Olga Moro D\u00edaz (su t\u00eda materna).<\/p>\n\n\n\n<div style=\"height:var(--wp--preset--spacing--50)\" aria-hidden=\"true\" class=\"wp-block-spacer\"><\/div>\n<\/div>\n<\/div>\n\n\n\n<div class=\"wp-block-group alignfull has-base-2-color has-contrast-background-color has-text-color has-background has-link-color wp-elements-f382f1198e11e964bc262145fb6452e4 has-global-padding is-layout-constrained wp-container-core-group-is-layout-facafb6f wp-block-group-is-layout-constrained\" style=\"margin-top:0;margin-bottom:0;padding-top:var(--wp--preset--spacing--50);padding-right:var(--wp--preset--spacing--50);padding-bottom:var(--wp--preset--spacing--50);padding-left:var(--wp--preset--spacing--50)\">\n<div class=\"wp-block-columns alignwide is-layout-flex wp-container-core-columns-is-layout-d1c656ed wp-block-columns-is-layout-flex\">\n<div class=\"wp-block-column is-vertically-aligned-stretch is-layout-flow wp-block-column-is-layout-flow\" style=\"padding-right:0;flex-basis:60%\">\n<div class=\"wp-block-group is-vertical is-content-justification-stretch is-layout-flex wp-container-core-group-is-layout-ae24f51d wp-block-group-is-layout-flex\" style=\"min-height:100%\">\n<figure class=\"wp-block-image size-large is-style-rounded is-style-rounded--2\"><img loading=\"lazy\" decoding=\"async\" width=\"763\" height=\"1024\" src=\"https:\/\/familiasanchezmoro.com\/wp-content\/uploads\/2024\/01\/boda-sanchez-moro-763x1024.jpg\" alt=\"Fotograf\u00eda de boda de Gonzalo S\u00e1nchez Santiago y Lidia Moro D\u00edaz\" class=\"wp-image-19\" style=\"aspect-ratio:9\/16;object-fit:cover\" srcset=\"https:\/\/familiasanchezmoro.com\/wp-content\/uploads\/2024\/01\/boda-sanchez-moro-763x1024.jpg 763w, https:\/\/familiasanchezmoro.com\/wp-content\/uploads\/2024\/01\/boda-sanchez-moro-224x300.jpg 224w, https:\/\/familiasanchezmoro.com\/wp-content\/uploads\/2024\/01\/boda-sanchez-moro-768x1030.jpg 768w, https:\/\/familiasanchezmoro.com\/wp-content\/uploads\/2024\/01\/boda-sanchez-moro.jpg 800w\" sizes=\"auto, (max-width: 763px) 100vw, 763px\" \/><\/figure>\n\n\n\n<p class=\"has-base-2-color has-text-color has-link-color has-medium-font-size wp-elements-e655e69ca5131b99b04e9da5e95f87e2\">La Vicepresidencia de la Asociaci\u00f3n la ocupa el Sr. Miguel Dongil y S\u00e1nchez, Duque de Dongil (nieto primog\u00e9nito del matrimonio). Su formaci\u00f3n como Doctor en Historia y su experiencia profesional como Consultor en Educaci\u00f3n y Cooperaci\u00f3n Internacional le ayudan a proyectar la actividad de la Familia S\u00e1nchez-Moro en el \u00e1mbito hispanoamericano.<\/p>\n<\/div>\n<\/div>\n\n\n\n<div class=\"wp-block-column is-layout-flow wp-block-column-is-layout-flow\" style=\"flex-basis:40%\">\n<div class=\"wp-block-group has-global-padding is-layout-constrained wp-block-group-is-layout-constrained\">\n<p class=\"has-base-2-color has-text-color has-link-color has-large-font-size wp-elements-48a5109b36fae2c148521cd8d879dff7\" style=\"font-style:normal;font-weight:500;line-height:1.2\">La Asociaci\u00f3n tiene su domicilio social en la Calle Ezcurdia n\u00ba56, Bajo-Dcha, en Gij\u00f3n (Principado de Asturias) y el \u00e1mbito territorial en el que va a realizar su actividad es el territorio del Principado e Hispanoam\u00e9rica.<\/p>\n\n\n\n<div style=\"height:var(--wp--preset--spacing--40)\" aria-hidden=\"true\" class=\"wp-block-spacer\"><\/div>\n\n\n\n<div class=\"wp-block-group is-layout-flow wp-block-group-is-layout-flow\">\n<p class=\"has-base-2-color has-text-color has-link-color has-medium-font-size wp-elements-3b9ca3f977f5877c44d35d57c089a11c\">La Presidenta de la Asociaci\u00f3n, desde su fundaci\u00f3n, pretende preservar el Legado Familiar y fomentar la Cooperaci\u00f3n Internacional para el Desarrollo en el \u00e1mbito Hispanoamericano.<\/p>\n\n\n\n<figure class=\"wp-block-image size-full is-style-rounded is-style-rounded--3\"><img loading=\"lazy\" decoding=\"async\" width=\"429\" height=\"615\" src=\"https:\/\/familiasanchezmoro.com\/wp-content\/uploads\/2024\/01\/presidenta-asociacion-sm.jpg\" alt=\"Presidenta de la Asociaci\u00f3n Familia S\u00e1nchez-Moro\" class=\"wp-image-20\" style=\"aspect-ratio:9\/16;object-fit:cover\" srcset=\"https:\/\/familiasanchezmoro.com\/wp-content\/uploads\/2024\/01\/presidenta-asociacion-sm.jpg 429w, https:\/\/familiasanchezmoro.com\/wp-content\/uploads\/2024\/01\/presidenta-asociacion-sm-209x300.jpg 209w\" sizes=\"auto, (max-width: 429px) 100vw, 429px\" \/><\/figure>\n<\/div>\n<\/div>\n<\/div>\n<\/div>\n<\/div>\n","protected":false},"excerpt":{"rendered":"<p>Nuestra Identidad Familiar Nos constituimos, p\u00fablicamente, en 2015, como Asociaci\u00f3n sin \u00e1nimo de lucro. Recoge y preserva el legado material e inmaterial del matrimonio formado por Don Gonzalo S\u00e1nchez Santiago (1921-2003) y Do\u00f1a Lidia Moro D\u00edaz (1924-2007). Una vida de entrega y trabajo por los dem\u00e1s A lo largo de sus dilatadas vidas fueron un [&hellip;]<\/p>\n","protected":false},"author":1,"featured_media":0,"parent":0,"menu_order":0,"comment_status":"closed","ping_status":"closed","template":"","meta":{"footnotes":""},"class_list":["post-17","page","type-page","status-publish","hentry"],"yoast_head":"<!-- This site is optimized with the Yoast SEO plugin v26.4 - https:\/\/yoast.com\/wordpress\/plugins\/seo\/ -->\n<title>Sobre Nosotros<\/title>\n<meta name=\"description\" content=\"Constituidos en 2015, como Asociaci\u00f3n sin \u00e1nimo de lucro, recogiendo el legado del matrimonio formado por Gonzalo S\u00e1nchez y Lidia Moro.\" \/>\n<meta name=\"robots\" content=\"index, follow, max-snippet:-1, max-image-preview:large, max-video-preview:-1\" \/>\n<link rel=\"canonical\" href=\"https:\/\/familiasanchezmoro.com\/index.php\/sobre-nosotros\/\" \/>\n<meta property=\"og:locale\" content=\"en_US\" \/>\n<meta property=\"og:type\" content=\"article\" \/>\n<meta property=\"og:title\" content=\"Sobre Nosotros\" \/>\n<meta property=\"og:description\" content=\"Constituidos en 2015, como Asociaci\u00f3n sin \u00e1nimo de lucro, recogiendo el legado del matrimonio formado por Gonzalo S\u00e1nchez y Lidia Moro.\" \/>\n<meta property=\"og:url\" content=\"https:\/\/familiasanchezmoro.com\/index.php\/sobre-nosotros\/\" \/>\n<meta property=\"og:site_name\" content=\"ASOCIACION FAMILIA SANCHEZ MORO\" \/>\n<meta property=\"article:modified_time\" content=\"2024-02-02T13:36:21+00:00\" \/>\n<meta property=\"og:image\" content=\"https:\/\/familiasanchezmoro.com\/wp-content\/uploads\/2024\/01\/logotipo-familia-sm-1.jpg\" \/>\n<meta name=\"twitter:card\" content=\"summary_large_image\" \/>\n<meta name=\"twitter:label1\" content=\"Est. reading time\" \/>\n\t<meta name=\"twitter:data1\" content=\"3 minutes\" \/>\n<script type=\"application\/ld+json\" class=\"yoast-schema-graph\">{\"@context\":\"https:\/\/schema.org\",\"@graph\":[{\"@type\":\"WebPage\",\"@id\":\"https:\/\/familiasanchezmoro.com\/index.php\/sobre-nosotros\/\",\"url\":\"https:\/\/familiasanchezmoro.com\/index.php\/sobre-nosotros\/\",\"name\":\"Sobre Nosotros\",\"isPartOf\":{\"@id\":\"https:\/\/familiasanchezmoro.com\/#website\"},\"primaryImageOfPage\":{\"@id\":\"https:\/\/familiasanchezmoro.com\/index.php\/sobre-nosotros\/#primaryimage\"},\"image\":{\"@id\":\"https:\/\/familiasanchezmoro.com\/index.php\/sobre-nosotros\/#primaryimage\"},\"thumbnailUrl\":\"https:\/\/familiasanchezmoro.com\/wp-content\/uploads\/2024\/01\/logotipo-familia-sm-1.jpg\",\"datePublished\":\"2024-01-25T19:29:35+00:00\",\"dateModified\":\"2024-02-02T13:36:21+00:00\",\"description\":\"Constituidos en 2015, como Asociaci\u00f3n sin \u00e1nimo de lucro, recogiendo el legado del matrimonio formado por Gonzalo S\u00e1nchez y Lidia Moro.\",\"breadcrumb\":{\"@id\":\"https:\/\/familiasanchezmoro.com\/index.php\/sobre-nosotros\/#breadcrumb\"},\"inLanguage\":\"en-US\",\"potentialAction\":[{\"@type\":\"ReadAction\",\"target\":[\"https:\/\/familiasanchezmoro.com\/index.php\/sobre-nosotros\/\"]}]},{\"@type\":\"ImageObject\",\"inLanguage\":\"en-US\",\"@id\":\"https:\/\/familiasanchezmoro.com\/index.php\/sobre-nosotros\/#primaryimage\",\"url\":\"https:\/\/familiasanchezmoro.com\/wp-content\/uploads\/2024\/01\/logotipo-familia-sm-1.jpg\",\"contentUrl\":\"https:\/\/familiasanchezmoro.com\/wp-content\/uploads\/2024\/01\/logotipo-familia-sm-1.jpg\",\"width\":500,\"height\":260},{\"@type\":\"BreadcrumbList\",\"@id\":\"https:\/\/familiasanchezmoro.com\/index.php\/sobre-nosotros\/#breadcrumb\",\"itemListElement\":[{\"@type\":\"ListItem\",\"position\":1,\"name\":\"Portada\",\"item\":\"https:\/\/familiasanchezmoro.com\/\"},{\"@type\":\"ListItem\",\"position\":2,\"name\":\"Sobre Nosotros\"}]},{\"@type\":\"WebSite\",\"@id\":\"https:\/\/familiasanchezmoro.com\/#website\",\"url\":\"https:\/\/familiasanchezmoro.com\/\",\"name\":\"ASOCIACION FAMILIA SANCHEZ MORO\",\"description\":\"Inscrita en el Registro de Asociaciones del Principado de Asturias (Reino de Espa\u00f1a), en 2015.\",\"publisher\":{\"@id\":\"https:\/\/familiasanchezmoro.com\/#organization\"},\"potentialAction\":[{\"@type\":\"SearchAction\",\"target\":{\"@type\":\"EntryPoint\",\"urlTemplate\":\"https:\/\/familiasanchezmoro.com\/?s={search_term_string}\"},\"query-input\":{\"@type\":\"PropertyValueSpecification\",\"valueRequired\":true,\"valueName\":\"search_term_string\"}}],\"inLanguage\":\"en-US\"},{\"@type\":\"Organization\",\"@id\":\"https:\/\/familiasanchezmoro.com\/#organization\",\"name\":\"ASOCIACION FAMILIA SANCHEZ MORO\",\"url\":\"https:\/\/familiasanchezmoro.com\/\",\"logo\":{\"@type\":\"ImageObject\",\"inLanguage\":\"en-US\",\"@id\":\"https:\/\/familiasanchezmoro.com\/#\/schema\/logo\/image\/\",\"url\":\"https:\/\/familiasanchezmoro.com\/wp-content\/uploads\/2024\/01\/emblema-miniatura-sm.jpg\",\"contentUrl\":\"https:\/\/familiasanchezmoro.com\/wp-content\/uploads\/2024\/01\/emblema-miniatura-sm.jpg\",\"width\":300,\"height\":161,\"caption\":\"ASOCIACION FAMILIA SANCHEZ MORO\"},\"image\":{\"@id\":\"https:\/\/familiasanchezmoro.com\/#\/schema\/logo\/image\/\"}}]}<\/script>\n<!-- \/ Yoast SEO plugin. -->","yoast_head_json":{"title":"Sobre Nosotros","description":"Constituidos en 2015, como Asociaci\u00f3n sin \u00e1nimo de lucro, recogiendo el legado del matrimonio formado por Gonzalo S\u00e1nchez y Lidia Moro.","robots":{"index":"index","follow":"follow","max-snippet":"max-snippet:-1","max-image-preview":"max-image-preview:large","max-video-preview":"max-video-preview:-1"},"canonical":"https:\/\/familiasanchezmoro.com\/index.php\/sobre-nosotros\/","og_locale":"en_US","og_type":"article","og_title":"Sobre Nosotros","og_description":"Constituidos en 2015, como Asociaci\u00f3n sin \u00e1nimo de lucro, recogiendo el legado del matrimonio formado por Gonzalo S\u00e1nchez y Lidia Moro.","og_url":"https:\/\/familiasanchezmoro.com\/index.php\/sobre-nosotros\/","og_site_name":"ASOCIACION FAMILIA SANCHEZ MORO","article_modified_time":"2024-02-02T13:36:21+00:00","og_image":[{"url":"https:\/\/familiasanchezmoro.com\/wp-content\/uploads\/2024\/01\/logotipo-familia-sm-1.jpg","type":"","width":"","height":""}],"twitter_card":"summary_large_image","twitter_misc":{"Est. reading time":"3 minutes"},"schema":{"@context":"https:\/\/schema.org","@graph":[{"@type":"WebPage","@id":"https:\/\/familiasanchezmoro.com\/index.php\/sobre-nosotros\/","url":"https:\/\/familiasanchezmoro.com\/index.php\/sobre-nosotros\/","name":"Sobre Nosotros","isPartOf":{"@id":"https:\/\/familiasanchezmoro.com\/#website"},"primaryImageOfPage":{"@id":"https:\/\/familiasanchezmoro.com\/index.php\/sobre-nosotros\/#primaryimage"},"image":{"@id":"https:\/\/familiasanchezmoro.com\/index.php\/sobre-nosotros\/#primaryimage"},"thumbnailUrl":"https:\/\/familiasanchezmoro.com\/wp-content\/uploads\/2024\/01\/logotipo-familia-sm-1.jpg","datePublished":"2024-01-25T19:29:35+00:00","dateModified":"2024-02-02T13:36:21+00:00","description":"Constituidos en 2015, como Asociaci\u00f3n sin \u00e1nimo de lucro, recogiendo el legado del matrimonio formado por Gonzalo S\u00e1nchez y Lidia Moro.","breadcrumb":{"@id":"https:\/\/familiasanchezmoro.com\/index.php\/sobre-nosotros\/#breadcrumb"},"inLanguage":"en-US","potentialAction":[{"@type":"ReadAction","target":["https:\/\/familiasanchezmoro.com\/index.php\/sobre-nosotros\/"]}]},{"@type":"ImageObject","inLanguage":"en-US","@id":"https:\/\/familiasanchezmoro.com\/index.php\/sobre-nosotros\/#primaryimage","url":"https:\/\/familiasanchezmoro.com\/wp-content\/uploads\/2024\/01\/logotipo-familia-sm-1.jpg","contentUrl":"https:\/\/familiasanchezmoro.com\/wp-content\/uploads\/2024\/01\/logotipo-familia-sm-1.jpg","width":500,"height":260},{"@type":"BreadcrumbList","@id":"https:\/\/familiasanchezmoro.com\/index.php\/sobre-nosotros\/#breadcrumb","itemListElement":[{"@type":"ListItem","position":1,"name":"Portada","item":"https:\/\/familiasanchezmoro.com\/"},{"@type":"ListItem","position":2,"name":"Sobre Nosotros"}]},{"@type":"WebSite","@id":"https:\/\/familiasanchezmoro.com\/#website","url":"https:\/\/familiasanchezmoro.com\/","name":"ASOCIACION FAMILIA SANCHEZ MORO","description":"Inscrita en el Registro de Asociaciones del Principado de Asturias (Reino de Espa\u00f1a), en 2015.","publisher":{"@id":"https:\/\/familiasanchezmoro.com\/#organization"},"potentialAction":[{"@type":"SearchAction","target":{"@type":"EntryPoint","urlTemplate":"https:\/\/familiasanchezmoro.com\/?s={search_term_string}"},"query-input":{"@type":"PropertyValueSpecification","valueRequired":true,"valueName":"search_term_string"}}],"inLanguage":"en-US"},{"@type":"Organization","@id":"https:\/\/familiasanchezmoro.com\/#organization","name":"ASOCIACION FAMILIA SANCHEZ MORO","url":"https:\/\/familiasanchezmoro.com\/","logo":{"@type":"ImageObject","inLanguage":"en-US","@id":"https:\/\/familiasanchezmoro.com\/#\/schema\/logo\/image\/","url":"https:\/\/familiasanchezmoro.com\/wp-content\/uploads\/2024\/01\/emblema-miniatura-sm.jpg","contentUrl":"https:\/\/familiasanchezmoro.com\/wp-content\/uploads\/2024\/01\/emblema-miniatura-sm.jpg","width":300,"height":161,"caption":"ASOCIACION FAMILIA SANCHEZ MORO"},"image":{"@id":"https:\/\/familiasanchezmoro.com\/#\/schema\/logo\/image\/"}}]}},"_links":{"self":[{"href":"https:\/\/familiasanchezmoro.com\/index.php\/wp-json\/wp\/v2\/pages\/17","targetHints":{"allow":["GET"]}}],"collection":[{"href":"https:\/\/familiasanchezmoro.com\/index.php\/wp-json\/wp\/v2\/pages"}],"about":[{"href":"https:\/\/familiasanchezmoro.com\/index.php\/wp-json\/wp\/v2\/types\/page"}],"author":[{"embeddable":true,"href":"https:\/\/familiasanchezmoro.com\/index.php\/wp-json\/wp\/v2\/users\/1"}],"replies":[{"embeddable":true,"href":"https:\/\/familiasanchezmoro.com\/index.php\/wp-json\/wp\/v2\/comments?post=17"}],"version-history":[{"count":2,"href":"https:\/\/familiasanchezmoro.com\/index.php\/wp-json\/wp\/v2\/pages\/17\/revisions"}],"predecessor-version":[{"id":31,"href":"https:\/\/familiasanchezmoro.com\/index.php\/wp-json\/wp\/v2\/pages\/17\/revisions\/31"}],"wp:attachment":[{"href":"https:\/\/familiasanchezmoro.com\/index.php\/wp-json\/wp\/v2\/media?parent=17"}],"curies":[{"name":"wp","href":"https:\/\/api.w.org\/{rel}","templated":true}]}}